. Let l(y) = y - 13. Let h be l(10). Let r be o(h). Calculate i(r).
-16
Let h be (-16)/(-7) + (-4)/14. Suppose 0 = -h*k - 3 + 7. Suppose 0 = -4*r + k*s - 6, -3*r - s = 3*s - 12. Let u(w) = -w - 5. What is u(r)?
-5
Let v(y) be the second derivative of -y**4/12 - 7*y**3/6 - 3*y**2 - y. Let d be 6 + 0 + -3 + -5 + -3. What is v(d)?
4
Let h(j) = -5*j**2 + j + 4. Let n(a) = -11*a**2 + 3*a + 8. Let t(o) = 13*h(o) - 6*n(o). Let q be t(4). Let r(s) = -s + 6. What is r(q)?
6
Let o(g) = g**3 + 4*g**2 - 6*g + 3. Suppose 2*c + 3*n = 5, -c = -2*n - 2*n + 25. Give o(c).
8
Let a(m) = 1 - 16*m**2 + 17*m**2 + 0. Let t be 1 - (-3)/(1/(-1)). Give a(t).
5
Let u be 5/5*(1 + -3). Let c(t) = 2*t**2 - 2*t + 2. Let z(r) = -2*r**2 + r - 2. Let g = 16 - 11. Let p(h) = g*c(h) + 6*z(h). Determine p(u).
-2
Let d(i) = -i - 7. Suppose 0*a = 5*a + 30. Give d(a).
-1
Suppose -2*y + 3*f - 10 = 0, y = 3*f - 7*f - 5. Let k be y/(-2) - 3/(-6). Let x(z) = -3*z - 2. Let p(t) = 30*t + 21. Let u(o) = 2*p(o) + 21*x(o). Give u(k).
-9
Let d(j) = -j**2 - 4*j + 7. Let o be d(-5). Suppose o*p = -p. Let c(u) be the first derivative of -u**3/3 - u**2/2 - 5*u - 1. Determine c(p).
-5
Let h(s) = -2*s**3 - s**2 - s - 1. Suppose 11 + 2 = -4*a + 3*v, 4*a + 4*v - 8 = 0. Calculate h(a).
1
Let t be 1/((-1)/(-34)*-1). Let k be t/8 + (-1)/(-4). Let s(g) = g**3 - g**2 + g. Let b(l) = 5*l**3 + l**2 + 7*l - 4. Let v(c) = b(c) - 4*s(c). Calculate v(k).
0
Let t(i) = -i + 2. Suppose 0 = 4*u + 4*w - 20, -41 = -2*u - 3*u + 3*w. Let j(l) = l - 1. Let x(m) = u*j(m) + 3*t(m). Give x(-1).
-5
Let n(d) = 2*d**2 + 2. Let a be n(2). Suppose -5*l = -a, -v = 4*v + l - 27. Let u(y) = -y**2 + 6*y - 7. What is u(v)?
-2
Let r(w) = 2*w**2 + 9*w - 3. Let p(d) = -d**2 - 4*d + 2. Let s(y) = 5*p(y) + 3*r(y). Let o be (4/(-14) - 228/84) + 0. What is s(o)?
-11
Let o(g) = g - 2. Let t(s) = -2*s + 3. Let n(x) = 7*o(x) + 3*t(x). Give n(4).
-1
Let v(y) = -4*y - 1. Let h(u) = u + 21. Let p be h(0). Suppose -4*a - 5 + 4 = g, -p = 4*a + 5*g. Give v(a).
-5
Let z be (-1)/(1 - 2)*52/(-26). Let o(r) = 3*r - 2. What is o(z)?
-8
Let j(w) = -7*w**2 - w - 1. Let a(c) = 3*c**2 + c. Let r(z) = -9*a(z) - 4*j(z). Determine r(4).
0
Let y(n) = -n**3 - 9*n**2 - 8*n + 3. Let t be y(-8). Suppose 11 = 2*r + t*j, -r - j = -5*j. Let a(c) = -r*c**2 - 2*c**2 + 3*c**2. Give a(-1).
-3
Let v(c) = -6*c - 1 + 1. Let m(d) = -d - 1. Let u be m(-6). Suppose 3*h = u*l + 23, -5*h = l - 3*l - 13. Determine v(h).
-6
Let w(a) = 1 - 3*a - 2*a + 0*a. Let h(k) = 5*k - 2. Let v(o) = 2*h(o) + 3*w(o). Give v(2).
-11
Let k(g) = g**3 + 4*g**2 - 5384 - 2*g + 5386 - 6*g**2. Suppose -3*y + 15 = 2*y. What is k(y)?
5
Let i(m) = -m + 2. Let u(k) = k**3 - 5*k**2 + 6*k - 5. Let b be u(4). Let s = -9 + b. Give i(s).
8
Let a(j) be the first derivative of j**3/3 - 3*j**2 - 5*j - 30. What is a(6)?
-5
Let y(n) = n**3 - 4*n**2 - 5. Suppose 0 = 2*q + 3*w - 6, 2*q - 2*w = -q - 17. Let t(b) = -b**2 - 2*b + 7. Let p be t(q). Give y(p).
-5
Suppose 3 = u - 0*u. Suppose 8*v = u*v + 10. Suppose -t + 4*w + v = 0, 5*t - 2*w - 10 = -0*w. Let g(f) = 3*f**2 - 2*f - 2. Determine g(t).
6
Let t(u) = u**2 - 4*u - 12 + 1 - 3*u + 14*u. Determine t(-9).
7
Let r(b) be the second derivative of b**5/20 + b**4/4 - 5*b**3/6 - 2*b. Let k be r(-4). Let d(m) = 5 + 3*m**2 + 7*m - 3*m + 0*m - m**3. Calculate d(k).
5
Let j(i) = 5*i**2 + i + 0*i - i**2 - 2*i**2. Calculate j(-2).
6
Let k be 0 + -2 - -3 - -3. Suppose -i - 3*i - 2*t = -26, 1 = i - 5*t. Let w(b) = 0*b**2 - 11 - i*b - b**2 + k. Give w(-5).
-2
Let v be -4 + 5/(1 + 0). Let b(n) = n**3 - 2 + 1 + 2*n**3. What is b(v)?
2
Let k(r) = r**3 - 6*r**2 - 5*r + 1. Let l(w) = 6*w + 25. Let p be l(-3). What is k(p)?
15
Let s(h) = 6*h + 1 - 233*h**3 + 0 - 2*h + 234*h**3 + 6*h**2. Suppose -l = 3*o + 13, 5*l - 28 = 4*o + 2. Calculate s(o).
6
Let h be (-6)/(-4) - (-2)/4. Let q(z) = -z - z + z**2 + h + 2 + 3*z. Let w(n) = -n**3 + 4*n**2 - n + 4. Let g be w(4). Calculate q(g).
4
Let h(s) = 2*s + 10. Let m(c) = -1. Let k(v) = -h(v) - 12*m(v). Let z be ((-36)/42)/(6/(-21)). Give k(z).
-4
Let o(v) = -5*v**2 + 5*v - 20. Let r(w) = -4 + w - 3*w**2 + 4*w**2 - w**2 - w**2. Let y(p) = -2*o(p) + 11*r(p). Determine y(4).
-16
Let j = 10 + -2. Let n(x) = -x**3 + 8*x**2 + x - 10. Let q be n(j). Let f(y) = -y**3 - 5*y**2 - 2*y - 2. What is f(q)?
-10
Let q(n) be the first derivative of 3*n**4/2 + 2*n**3/3 + n**2 + n + 15. Calculate q(-1).
-5
Suppose -11 = -a - 4*p, a + 2*p = -2*a + 13. Let z(d) = 2 - 1 - 3 + a*d. Suppose 3*h - 3 = 3*v, h - 6*v + 2*v = -2. Calculate z(h).
4
Let y(h) = h**3 - 1 + 0 - 2*h**3 + 4*h - h**2. Let m = 9 - -1. Suppose -m + 1 = 3*q. Determine y(q).
5
Let s(a) = 3*a + 25. Let z(y) = -y - 8. Suppose 2*n + 3*n + 35 = 0. Let u(i) = n*z(i) - 2*s(i). What is u(-5)?
1
Let g(k) be the second derivative of k**5/20 - k**4/2 - k**3/6 + 5*k**2/2 - 6*k. Give g(6).
-1
Suppose d = 3*y - 27, -2*y - 3*d + 21 - 3 = 0. Let x(o) = -o**2 + 9*o + 5. Give x(y).
5
Let b = -9 - -15. Suppose -2*y = -5*r + b, 0 = 3*r + r - y - 3. Let t(w) = -9*w**3 - w**2 + w**3 + 13*w**3 - 4*w**3 + 4. What is t(r)?
4
Let g(y) = -y**2. Let h be 50/15*12/10. Suppose -h*b - b - 5 = 0. Determine g(b).
-1
Let x(r) = 1. Let z(l) = -3*l - 3. Let p(y) = -4*x(y) - z(y). Calculate p(1).
2
Let j = 31 - 32. Let l(k) = -5*k**2 + 1. Determine l(j).
-4
Let k be 1/6*-4*12. Let t = k - -11. Let b(y) = 2*y + 0 - 4 - t. Calculate b(6).
5
Suppose -3*p - 1 = -4*n + 15, 3*n - 11 = 2*p. Suppose -2 = -4*s + 2*s. Let o(g) = -g - 1. Let u(j) = -j. Let l(w) = s*o(w) - 2*u(w). Determine l(p).
-5
Let h(l) be the second derivative of 3/2*l**2 - 1/3*l**3 + 0 + l. Suppose 0 = -201*i + 197*i + 16. Calculate h(i).
-5
Suppose -3*t + 3 = 0, 2*j - j + 4*t - 10 = 0. Let y(d) = d**3 - 5*d**2 - 6*d + 7. Give y(j).
7
Let a(k) = -k**3 + k**2 - 1. Let f be 75/(-9) - 3/(-9). Let p be (-3)/6 - 4/f. Calculate a(p).
-1
Let d(r) = r**2 - 4*r. Let x be d(2). Let z be (-26)/8 + (-1)/x. Let h(n) = -n + 3*n + 5 - 2. Give h(z).
-3
Let i(h) = -2*h. Let g(s) = s. Let o(c) = g(c) + i(c). Let d be ((-24)/18)/(2/6). Calculate o(d).
4
Let v(x) = -x + 2. Let k = 0 - -1. Let i be 1/(-2)*k*-4. Suppose -i*q - 15 = -5*q. Determine v(q).
-3
Let a be (-1 + -3 - -4)/2. Let l(n) = -n + 8. What is l(a)?
8
Let s be (-14 + 16)/((-2)/(-3)). Let u(g) = -4*g + 6*g - s*g. Calculate u(4).
-4
Let a(d) = 2*d**2 + 3*d - 3. Suppose -4*g + 12 - 4 = 0. Suppose -u = -3*y - 14, -g*y - y - 3*u + 6 = 0. Give a(y).
6
Let h = -45 + 44. Let x(y) = -5*y**2 + y. Determine x(h).
-6
Let o(m) = -m**2 + 6*m + 10. Let q be o(7). Let a(f) = 9*f - 7. Let r(u) = 7*u - 6. Let c(x) = -3*a(x) + 4*r(x). Give c(q).
0
Let r(a) = a + 2. Suppose -9 = 3*g - 3. Determine r(g).
0
Let r = -2 - -7. Suppose -r*u - 8 - 2 = 0. Let z(o) = -o**3 + 3*o + 2. Determine z(u).
4
Let r(d) = 1 - 10*d + 0 + 9*d - 3. What is r(4)?
-6
Let m(t) = t**3 - 24*t**2 + 23*t - 3. Let r be m(23). Let j(s) = 6*s. What is j(r)?
-18
Let r(c) = c**2 + 12*c - 9. Let x be r(-13). Let n(k) = k**3 - 3*k**2 - 3. What is n(x)?
13
Let q(c) be the third derivative of c**5/60 + c**4/24 + c**3/3 + 12*c**2. Let i = -4 + 4. What is q(i)?
2
Suppose -5*h - 4 = 3*r + 31, 0 = 5*r. Let d(y) = 2*y + 7. Determine d(h).
-7
Let t(x) = -x. Let l = -22 - -43. Let f = l + -17. What is t(f)?
-4
Let o(y) = 2*y**3 - 2*y + 1. Let c(l) = l + 11. Let n be c(-13). Give o(n).
-11
Let w(m) be the second derivative of -m**4/12 - 3*m**2/2 - 3*m. Let v(l) = -l**3 + 6*l**2 + 8*l - 7. Let k be v(7). Calculate w(k).
-3
Let j(i) = -2*i + 7. Let o be j(5). Let s = 5 + o. Let c(z) = -2 + 1 + s*z - 1. Determine c(3).
4
Suppose 0 = -2*m - j + 1, 3*j + 1 - 4 = -m. Suppose -4*u + 0*u = m. Suppose 4*a = -u*a - 24. Let x(g) = g**3 + 5*g**2 - 6*g + 5. Determine x(a).
5
Let j(u) = -u**3 - 6*u**2 + 5. Let k(d) = d**3 - 3*d**2 - 3*d - 2. Let p be k(4). Suppose r + 8 = p*r. Suppose 0 = -r*g + 4*g - 24. What is j(g)?
5
Let v(k) = -k**2. Let p = 7 - 2. Suppose -n + 1 = -p*t, 13 = 2*t + t - 4*n. What is v(t)?
-1
Let n(j) be the second derivative of -j**4/12 + j**3/2 - j**2/2 + 4*j. Calculate n(6).
-19
Suppose 0*p = 3*p - 18. Let l(n) = n**3 - 6*n**2 - n + 1. Let k(t) = -2*t**3 + 12*t**2 + 3*t - 2. Let v(g) = 2*k(g) + 5*l(g). Determine v(p).
7
Let w(l) be the third derivative of l**6/120 - l**5/20 + l**4/12 